t c be t(3). Suppose 116420 = 21*i - c*i. Is i a prime number?
False
Let o(v) = 1616*v**3 + v**2 + 2*v + 1. Let h be o(-1). Let n = -793 - h. Let q = n - 584. Is q a composite number?
False
Let l = -347 + 792. Let t(o) = -o**3 + 39*o**2 - 73*o - 46. Let h be t(36). Let s = h - l. Is s a composite number?
False
Suppose 2*k = -5*c + 28 + 30, -3*k = 2*c - 87. Let t = k - 25. Suppose t*q - 90 = 34. Is q prime?
True
Suppose 11691672 = 170*d - 31105196 + 6762138. Is d composite?
False
Is (-503275904)/(-1152) - (-4)/(-9) a composite number?
False
Suppose 0 = -18*v - 2*v + 290280. Suppose -u + 9*b + 14524 = 4*b, u - v = -5*b. Is u prime?
True
Suppose -5*w = -5*v - 167410, -34*v + 36*v = -6. Is w prime?
True
Suppose -3*n + 507458 = -j, 3*n - 234*j = -239*j + 507428. Is n a prime number?
True
Let t(v) be the first derivative of 3*v**3 + 3*v**2/2 + 3*v - 8. Let a be t(-1). Suppose 5*u = 104 - a. Is u a prime number?
True
Let z(q) = q - 9. Let s be z(-23). Let k = s - -53. Suppose -x = -k - 212. Is x composite?
False
Suppose -3*v - 45*q = -37*q - 343501, -v - q = -114507. Is v composite?
True
Let v = 7395214 + -5271445. Is v a prime number?
False
Let l = 121163 + -71860. Is l prime?
False
Is (-2 - -1)/(544065/(-272021) + 2) composite?
False
Suppose 16*w = 123529 + 255079. Is w a composite number?
False
Let b be 6 - 0 - 8/2. Let l(j) = 941*j - 11. Is l(b) a composite number?
False
Suppose -38*k - 42 = -39*k - 4*n, 4*k - 4*n - 128 = 0. Suppose k*w = 25440 + 52250. Is w composite?
True
Let k = 171 + -168. Suppose -k*p + 2*y = -3947, -4*y - 1306 + 7 = -p. Is p a prime number?
True
Suppose 14*l - 925255 = 4*l + 5*l. Is l a prime number?
True
Suppose -2*t = -5*t + 129. Suppose 2*n + 2*n + 177 = -b, n + t = b. Let p = 249 - n. Is p a prime number?
True
Let f(n) be the third derivative of 817*n**5/12 + n**4/8 + n**3/6 + 2*n**2 - 35*n. Is f(-1) composite?
True
Let u(c) = -3394*c - 3. Let g be u(-2). Let v(i) = 23*i + 74. Let w be v(-3). Suppose -w*j = -10*j + g. Is j a composite number?
True
Suppose -409*j + 201*j + 2539138 = -194*j. Is j a composite number?
True
Suppose -2*u + m + 2805 = 0, -23*m + 4180 = 3*u - 19*m. Suppose 14*a = u + 8484. Is a a composite number?
True
Suppose -16*n - 8554 = -23*n. Suppose 19*b - n = -101. Is b a composite number?
False
Let j(v) = v**3 + 7*v**2 - v + 23. Let s be j(-7). Let t(k) = k**3 - 29*k**2 + 16*k - 131. Is t(s) prime?
True
Suppose -4*g = 41*s - 46*s + 316817, 190089 = 3*s - 2*g. Is s a prime number?
True
Let v(l) = -l**3 + 16*l**2 - l + 5. Let h be (-48)/5 - 21/(-35). Let f be 13/(-2)*18/h. Is v(f) a composite number?
False
Suppose h - 3*k - 585 = 0, h - 4*k - 623 + 37 = 0. Let d = h - 287. Is d a composite number?
True
Let z = 2919 + -1563. Let b(d) = d**2 - 9*d + 10. Let l be b(8). Suppose -l*p = 5*x - 1695, 3*x = -x + p + z. Is x prime?
False
Suppose 26*d - 4621787 = -21*d + 3468182. Is d composite?
False
Let s = 1091 + 609. Let f be 36/(-24)*s/(-6). Suppose -14*b + f = -9*b. Is b a composite number?
True
Let h be 60276/9 - (6 - 102/18). Let j = 10794 - h. Is j a composite number?
True
Suppose -4*x + 5*w = 2*w - 1356137, -3*x + 1017110 = 5*w. Is x prime?
False
Let m(v) be the third derivative of v**4/6 - 31*v**3/3 - 25*v**2. Let t be m(16). Suppose t*d + d - 6244 = 5*a, -2*a = 4*d - 8282. Is d composite?
True
Let p(n) = 2*n**2 + 28*n + 19. Suppose -5*y = -5*d - 5, -y + 4 + 1 = 3*d. Let l be ((-2)/y)/(10/200). Is p(l) a prime number?
False
Suppose -y + 3 = 5. Let d = y + 4. Suppose -1818 = -2*u + 2*z, 4*u - 3618 = -7*z + d*z. Is u composite?
False
Suppose -48*j - 6235056 + 8821046 + 31924714 = 0. Is j a prime number?
True
Let b = -233 - -224. Let m(a) = -a**3 - a**2 + 29*a + 11. Is m(b) composite?
True
Suppose -5*u + 222384 = 20*k - 19*k, -222359 = -k - 10*u. Is k a prime number?
False
Let m(j) be the third derivative of j**6/24 + j**5/60 + j**4/8 + j**3/2 - 11*j**2. Let v be m(-1). Is ((-66)/(-12) + v)/((-6)/(-5444)) prime?
True
Let j(w) be the second derivative of 173*w**4/4 + w**3/2 - w**2/2 + w. Let g = -3495 - -3496. Is j(g) a composite number?
False
Let b(s) = 40*s - 631 + 59*s + 305 + 278. Is b(5) a prime number?
False
Suppose -17*m - 15 - 2 = 0. Let d = 1 - 0. Is d*-1*149/m prime?
True
Let a = -1806191 - -2670532. Is a composite?
False
Let v(r) = 541*r**2 - 11*r - 67. Let g(y) = y**2 + 7*y - 4. Let j be g(-7). Is v(j) prime?
False
Let s = 380 - 377. Suppose 46*x = s*x + 228631. Is x a composite number?
True
Suppose 80 = -9*m + 13*m. Suppose -m*o = -194401 - 36579. Is o a prime number?
True
Suppose -4*p = -6*i + 4*i + 20, -3*p = 4*i - 7. Let z be 3*(1 - 794/p). Is 0 + -2 + z + 2 a prime number?
True
Let k(i) be the second derivative of 17*i**5/5 + 5*i**4/12 - 4*i**3/3 + 4*i**2 - 30*i. Is k(3) composite?
True
Suppose 4*w - 17 = -1. Suppose -5*g + 580 = 4*f - 865, -2*g = -w*f - 606. Is g composite?
False
Let o = -435646 - -779415. Is o a prime number?
True
Let r be 0/((-3)/(0 + -3)) - -3. Is (-1384)/(-60)*5*r composite?
True
Suppose -3*k + 19 = 13. Suppose 6*d - d = 0, -2*d + 1862 = -k*b. Let y = b + 1334. Is y prime?
False
Let h(y) = 12324*y**2 + 127*y + 255. Is h(-2) a composite number?
False
Let i(q) = -30550*q + 61. Suppose 7*c = -2*p + 10*c - 11, 20 = -5*p + 5*c. Is i(p) a composite number?
True
Let a(o) = -o**3 + 5*o**2 - o + 7. Let t be a(5). Suppose t*g - 2191 = 1619. Suppose 0 = -4*y + y + g. Is y prime?
False
Let a(i) = 2*i**2 + 20*i + 13. Let d be a(14). Suppose 0 = 6*h - 5*h - d. Is h composite?
True
Let f = -116 - -122. Let z = -5 + 8. Suppose 0 = -z*v + 24 + f. Is v composite?
True
Let q(v) = -19*v**3 - 10*v**2 + 10*v - 14. Let g(h) = -39*h**3 - 22*h**2 + 20*h - 26. Let t(x) = 2*g(x) - 5*q(x). Is t(5) composite?
False
Suppose -66 = 3*k - 3. Let s be (-61474)/k - (-2)/(-6). Suppose -s - 2479 = -6*q. Is q a prime number?
False
Let t(l) = 458*l**2 + 18*l + 17. Let o be t(-6). Suppose 0 = 12*r - o - 31471. Is r a composite number?
False
Let m be (1 + (-49972)/28)/((-1)/(-7)). Is (64/(-48))/(8/m) prime?
True
Let i(c) be the second derivative of -c**3/3 + 27*c**2/2 + 8*c. Let s be i(18). Is 473 + -1 + s + (-18)/(-3) a prime number?
False
Let b be -24 - -22 - (-60 - 2). Is ((-280)/b)/(4/(-2766)) a prime number?
False
Suppose 1362 - 4226 = 16*r. Let l = 2444 + r. Let m = l + -1178. Is m prime?
True
Let d = 1654178 + -987398. Suppose 12*q - 24*q + d = 0. Is q prime?
False
Let k = -67 - -79. Is k/(-30) - (-181588)/20 a composite number?
True
Let k = 59791 + 274635. Is k composite?
True
Let p(k) be the second derivative of 11*k**4/4 - 7*k**3/3 + 81*k**2 + 14*k + 6. Is p(13) a composite number?
False
Let j = 73 + -81. Let h(f) = 11*f**2 + 4*f - 2. Let v be h(j). Let t = v - 459. Is t a prime number?
True
Let r = -5592 - -3571. Let v = r + 416. Let z = 2864 + v. Is z prime?
True
Suppose 20*d - 83 = 4857. Let f = 706 + d. Is f prime?
True
Let o = -41208 - -74785. Is o prime?
True
Is 2/(-6)*-228117 - 8 prime?
True
Let o(h) = 9 + 6 - 9*h - 54 + 59*h. Let s(k) = -25*k + 19. Let q(g) = 6*o(g) + 13*s(g). Is q(-16) a composite number?
True
Suppose -37*v = -32*v + 2*j - 1843175, -3*j = -4*v + 1474517. Is v a composite number?
False
Let l(y) = 2*y**2 - 10*y - 3. Let d be l(-8). Let n = 309 + -423. Let h = n + d. Is h a composite number?
True
Let d = -965 + 970. Let u(p) = -3*p**3 - 8*p**2 + 11*p - 1. Let m(r) = 2*r**3 + 7*r**2 - 12*r. Let t(a) = -4*m(a) - 3*u(a). Is t(d) a composite number?
False
Let n = -673 + 673. Suppose n = -6*x + 4282 + 3920. Is x composite?
False
Let l(a) = a**3 + 4*a**2 - 5*a + 3. Let m be l(-5). Suppose 0 = -s - 5, 4*o - m*s = -0*o - 8453. Let z = o - -3058. Is z a composite number?
False
Let m(q) = 7707*q**2 + 68*q - 3. Is m(4) composite?
False
Let j = 766 - 302. Let f = j + 327. Is f composite?
True
Suppose -4*f = 0, 4*v - 2*f = -5*f - 112. Let u be -81 - 7/(v/12). Let l = u + 395. Is l a prime number?
True
Let f be (6 + 49)/(-5)*-1. Suppose f*z - 5*z = 11166. Is z a prime number?
True
Is ((7/63)/(8/(-24)))/((-7)/1201179) composite?
True
Let h(u) be the third derivative of -u**6/120 + u**5/15 - u**4/12 - 10*u**3/3 - 7*u**2. Let l be h(0). Let g = 163 + l. Is g composite?
True
Let u = 6 + -12. Let w(c) = -190*c - 35. Let k(x) = -1526*x - 279. Let y(m) = -2*k(m) + 17*w(m). Is y(u) a prime numb